 + 1. Let d be q(-1). Suppose -5*n = -51 - d. Suppose 0 = f - 2*f + n. List the prime factors of f.
2
Let r(y) = -y - 1. Let k(p) = -16*p - 46. Let v(t) = -k(t) - 3*r(t). What are the prime factors of v(4)?
5
Let h(l) = 44*l**3 + l. Let t be h(-1). What are the prime factors of 1050/t*(-6)/4?
5, 7
Suppose -3*i - 144 + 36 = 0. Let t = i - -40. Suppose -t*u + 3*r = -12 - 19, -9 = -2*u - 5*r. What are the prime factors of u?
7
Suppose 9 = -3*n, -k = n - 104 - 284. What are the prime factors of k?
17, 23
Let z(r) = 5*r**2 + 11*r - 19. List the prime factors of z(-6).
5, 19
List the prime factors of ((-4)/(-3))/(-3 - (-488)/162).
2, 3
Let y(a) = -a**3 + 8*a**2 + a - 10. List the prime factors of y(-5).
2, 5, 31
Suppose -16 = 4*t, -145 = 5*s - 4*t - 2416. What are the prime factors of s?
11, 41
Let s = -1834 - -2627. List the prime factors of s.
13, 61
Suppose 4*n + 4*y = 3*n - 10, 5*n - 2*y + 72 = 0. Let v(g) = -g**3 - 15*g**2 - 16*g + 2. List the prime factors of v(n).
2, 3, 5
Let q = 367 - 223. List the prime factors of q.
2, 3
Suppose 5*n - 266 = 4*v - 761, 5*v = -2*n - 231. Let y be -75 + 0 - (7 - 9). Let i = y - n. List the prime factors of i.
2, 3, 5
Let t = 42 + -30. Suppose -10 = -2*j + t. Let y = j + 11. What are the prime factors of y?
2, 11
Let a = 129 - 33. List the prime factors of a.
2, 3
Suppose -312*a - 3456 = -321*a. List the prime factors of a.
2, 3
Let n = -281 - 98. Let o = -217 - n. List the prime factors of o.
2, 3
List the prime factors of (-4)/20 + (-6862)/(-10).
2, 7
Suppose -4*g = 5*v - 3742, -390 = -2*g + 4*v + 1494. List the prime factors of g.
2, 7, 67
What are the prime factors of (-8)/(-3)*(5 - 2255/(-20))?
2, 157
Let u = 86 - 82. Let y(b) = 3*b**3 - 6*b**2 + 3*b - 3. What are the prime factors of y(u)?
3, 5, 7
Suppose 4*v + 5*m - 59 = 0, -m - 11 = -2*v + 22. Let t be (42/4)/((-3)/(-16)). Suppose v = -5*l + t. List the prime factors of l.
2
Let t be -4 - (-2 + (0 - -25)). Let f = -27 - t. Let v(j) = j**3 + j**2 + 78. List the prime factors of v(f).
2, 3, 13
Suppose 3*v + 2*m - 3884 = 0, -2*v + 19*m = 22*m - 2591. List the prime factors of v.
2, 647
Let t = -838 + 3240. What are the prime factors of t?
2, 1201
Let j be 28/(-126) + (-38)/(-9). Suppose -n + j = -0. Suppose 2*z = 4*p - 5 - 67, n*z + 42 = 2*p. List the prime factors of p.
17
Let x(s) = -s**3 + s**2 - s + 21. Let u = -29 + 28. Let n be (-4)/4 - (u - 0). List the prime factors of x(n).
3, 7
Suppose 0 = -6*x + 941 + 1957. What are the prime factors of x?
3, 7, 23
Suppose 306 = 5*d + 4*f, 4*d = -0*f + f + 228. Suppose -15*r - 12*r = -54. Suppose -r*n = -d - 26. List the prime factors of n.
2, 3, 7
Let j(w) = -9*w + 36. Let u be j(-7). Suppose -f + u - 30 = 0. What are the prime factors of f?
3, 23
Suppose k = i, 3*i - 7 - 2 = 0. Suppose -4*o + k = -169. Let t = o + -25. What are the prime factors of t?
2, 3
Suppose -n = 3, -3*z = -n - 0*n. Let u(i) = 33*i**2 - i - 1. Let l be u(z). Let x = 37 - l. List the prime factors of x.
2
Let o(q) = 8*q**2 - q - 1. Let y be o(-1). Suppose s + 87 = -y. Let i = -58 - s. What are the prime factors of i?
37
Let y(l) = -l**2 + l - 5. Let s be y(3). Let k(b) = b**3 + 13*b**2 + 20*b. List the prime factors of k(s).
2, 11
Suppose -184 = -2*u + 64. Suppose 0*d = d - u. List the prime factors of d.
2, 31
Suppose -y - 2*y + 3151 = -g, 4*g = y - 1065. List the prime factors of y.
1049
Suppose 3*x - p = 108 + 252, 2*p + 6 = 0. What are the prime factors of x?
7, 17
Let b(g) = -g - 9. Let h be b(-6). List the prime factors of 8/(h + -1) - -157.
5, 31
What are the prime factors of (-145664)/(-40) + (-22)/(-55)?
2, 3, 607
Let g = -124 + 101. Let i = g - -107. What are the prime factors of i?
2, 3, 7
Suppose -3*h + 9*h = 66. What are the prime factors of 15/5*h/(-3)*-3?
3, 11
Let n(h) = h**2 - 14*h + 20. Suppose 0 = -2*q - 3*q + 4*g + 92, -2*g - 38 = -2*q. List the prime factors of n(q).
2, 13
Let d = -125 + 78. Suppose 4*c - 60 = 5*h, -5*h - 7*c = -3*c + 100. Let f = h - d. What are the prime factors of f?
31
Let j(r) = 10*r**2 + 75*r + 111. List the prime factors of j(-19).
2, 7, 41
Suppose 5*h + 5872 = 3*o, -o + 16*h = 13*h - 1964. What are the prime factors of o?
1949
Let c = -991 - -3803. List the prime factors of c.
2, 19, 37
Suppose 15*m + 24*m = 130962. What are the prime factors of m?
2, 23, 73
Suppose 0 = 4*t + 3*q + 11 + 32, 4*t + 48 = -4*q. Let i(o) = -o**3 - 6*o**2 + 2*o + 6. What are the prime factors of i(t)?
41
Suppose 4*y = -4*v + 140, 2*y = y - 2. Suppose 14 = -n - 3*s + v, 42 = 2*n + 2*s. List the prime factors of n.
2, 5
What are the prime factors of 3/((-1)/710*-5)?
2, 3, 71
Suppose 2*b = -5*p + 2453, -10*p = -6*p + 12. List the prime factors of b.
2, 617
Let z(p) = 7*p**2 - 2*p - 6. Suppose 8*u = 13*u + 20. List the prime factors of z(u).
2, 3, 19
Suppose 0 = -28*l + 14*l + 560. What are the prime factors of l?
2, 5
Let v be 4 + -6 - (0/(-1) - 1). Let y(k) = -74*k + 3. List the prime factors of y(v).
7, 11
Let y(m) = 19*m**2 + 16*m + 31. What are the prime factors of y(-6)?
619
List the prime factors of (-3426)/(-8) - 7/(-4).
2, 5, 43
Let s(o) = o**3 + 8*o**2 - 4*o + 5. Let t(f) = 20*f + 9. Let g(a) = -30*a - 13. Let m(b) = -5*g(b) - 7*t(b). Let p be m(-1). What are the prime factors of s(p)?
37
Suppose -3964 = -2*v - l + 3*l, 7928 = 4*v + 3*l. What are the prime factors of v?
2, 991
Suppose 2*f = 569 - 209. What are the prime factors of (1 - 1) + f + 2 - 4?
2, 89
Let r(q) = -q**3 + 8*q**2 - 9*q - 1. Let g be r(7). Let i = g - -5. What are the prime factors of (-2 - -1) + 1 - i?
2, 5
Suppose 12*b - 31010 = -566. List the prime factors of b.
43, 59
Let z(c) = c**2 - 2*c - 1. Let t be z(-1). Suppose 49 = -t*k + 163. List the prime factors of k.
3, 19
Let d = -418 - -589. Let s = d + -90. What are the prime factors of s?
3
Let b be 0 + 1 - 10 - -1. Suppose 4*m - 76 - 12 = 0. Let o = b + m. What are the prime factors of o?
2, 7
Suppose -k + 0 = -6. Let s = 14 - k. Suppose 2*v = -2*w + 44, v + s + 6 = w. List the prime factors of w.
2, 3
Suppose -2*t + 3432 = -z - 2649, -6077 = -2*t + 5*z. What are the prime factors of t?
3041
Let d(w) be the first derivative of w**3/3 - w**2 - 14*w - 18. List the prime factors of d(7).
3, 7
Let a(v) = 6*v**2 - 1 - 7*v**2 - 9*v - 4. Let l be a(-8). What are the prime factors of (l/1)/9*45?
3, 5
Let r(h) = -2*h - 14. Let a be r(-8). Suppose 4*d - 349 - 3 = -a*l, 5*l + 4*d = 892. List the prime factors of l.
2, 3, 5
Suppose 3*g + 10 = -2. Suppose -3*t = 7 - 19. What are the prime factors of 28 - t/g*1?
29
Suppose -25*w - 640 = 1010. Let d = -119 - -213. Let s = d + w. What are the prime factors of s?
2, 7
Suppose -4*m - 741 = -3*s, 2*m = 3*s - s - 370. Let q = m + 437. List the prime factors of q.
251
What are the prime factors of 7/((-35)/(-2316)) - (-76)/95?
2, 29
Suppose -10 = 4*b - 13*f + 11*f, 0 = -5*b - f + 5. Suppose -9*y = -4*y - 20. Suppose y*j - 188 = 5*p, b*j - 5*p - 47 = -j. List the prime factors of j.
47
Let m = -30 + 84. Suppose 2*v + 4*o = m, -4*v + 3*v + 33 = -4*o. List the prime factors of v.
29
Let d = 60 + -55. Suppose 2*y - 5*r - 216 = 0, d*r - 198 - 307 = -5*y. List the prime factors of y.
103
Let i(r) = r**3 - 6*r**2 + 12*r + 5. Let d be i(5). Suppose 4*w + d + 44 = 2*h, 3*h = w + 126. What are the prime factors of h?
2, 3, 7
Let d(s) = -s**3 - 7*s**2 - 2*s. Let a be ((-2)/6*0)/2. Suppose -5*i + a*i - 2*c = 41, -43 = 4*i + 5*c. List the prime factors of d(i).
2, 7
Suppose 10 = o + o. Suppose -o*t = 5, -3*t = -n + 3*n - 155. List the prime factors of n.
79
Let j(d) = -2*d**2 + 31*d - 97. Let r be j(8). Suppose -5*c = 20, 2*t - 18 = t - 5*c. Let w = t - r. What are the prime factors of w?
3, 5
Suppose 4*r + 5*w + 3619 = 15667, -w - 15060 = -5*r. What are the prime factors of r?
2, 3, 251
Let a = -18 - -23. Let o(h) = -66*h - 9. Let q(j) = -44*j - 6. Let v(r) = a*o(r) - 7*q(r). What are the prime factors of v(-2)?
41
Let b(i) = i**2 + 26*i - 8. Let k be b(12). Let s = k + -298. List the prime factors of s.
2, 3, 5
Let l(m) be the third derivative of -25*m**4/24 + 8*m**2. List the prime factors of l(-2).
2, 5
What are the prime factors of (-42)/8*(0 + (-760)/15)?
2, 7, 19
Let y = 14 + -12. Let n be y/(-6) - (-2)/6. Suppose 0 = h - 2*p - 30, -h + 0*p - 2*p + 10 = n. 